Let r(o) = -9*o**3 + 5*o**2 - 15*o + 1. Let f(h) = -5*h**3 + 3*h**2 - 8*h + 1. Let d(z) = -11*f(z) + 6*r(z). List the prime factors of d(5).
5, 7
List the prime factors of 7 + 2 + -5 + 26.
2, 3, 5
Let t(p) = p**2 - 6*p + 1. Let j be t(8). Suppose 37 = g + 5*u, -g + u - 2*u = -j. What are the prime factors of g?
2, 3
Let y be (1 - (-5)/1) + 0. Suppose -30 - y = -2*s. List the prime factors of s.
2, 3
Let a = 104 + -70. What are the prime factors of a?
2, 17
Let p(q) = q + 1. Let x be p(7). Let i = 14 - x. What are the prime factors of i?
2, 3
Let n(j) = j**3 + 10*j**2 - 10*j + 14. Let u(v) = -v**2 + 5. Let d be u(-4). List the prime factors of n(d).
3
List the prime factors of 220/(-5)*9/(-12).
3, 11
Let h(v) = -2*v - 3. What are the prime factors of h(-8)?
13
Let t = 217 - 41. What are the prime factors of t?
2, 11
Let a be (5 + -2)*2/3. Suppose 6*k - a*k - 64 = 0. What are the prime factors of k?
2
Suppose 1 = -g + 3*y, 5*g + 41 + 6 = y. What are the prime factors of g/20 - 11/(-2)?
5
Suppose -3*i - 2*d = -15, -3*i + 2*d + 6 = i. Suppose -2*u - i = 19. Let o = u - -21. List the prime factors of o.
2, 5
Let x be (-6)/(-27) - (-196)/9. Suppose 0 = 5*z - w - 37 - 94, -z = 4*w - x. Suppose 5*c = -0*r + 2*r - 43, 4*r + 2*c - z = 0. What are the prime factors of r?
3
Let p = 24 - 5. What are the prime factors of p?
19
Suppose 2 + 2 = 2*a. Suppose 118 = 4*j + a*i, -4*j = -0*j + 3*i - 123. List the prime factors of j.
3
Suppose 0 = 5*f + 4*c - 32 - 1014, 5*f - 2*c = 1022. List the prime factors of f.
2, 103
Suppose v - 8*i = -4*i + 18, 0 = -3*v + 2*i + 54. What are the prime factors of v?
2, 3
Let y = 1 - 0. What are the prime factors of y/(-3)*2*-6?
2
Suppose g + 3*g - 8 = 0. Suppose -3*l = g*l - 70. What are the prime factors of l?
2, 7
Let i(g) be the third derivative of g**6/120 - g**5/60 - 5*g**4/24 + g**3/6 - 3*g**2. Let a be i(4). Suppose -3*l - 2 = -a. What are the prime factors of l?
3
Let k = 5 - 0. Suppose -20 = -0*q - k*q - 5*a, 0 = a. List the prime factors of q.
2
Suppose b - 2*n = 73, n + 91 = b + 19. Suppose -4*m + 203 = b. List the prime factors of m.
3, 11
Suppose -4*j - 7 = -19. Let z(f) = f**3 - 3*f**2 - f + 3. Let v be z(3). Suppose j*x + x - 40 = v. What are the prime factors of x?
2, 5
Let c be 244/10 + 8/(-20). Suppose 0 = -h - 2*h + c. What are the prime factors of h?
2
Suppose 0 = -4*n + 3*n + 52. What are the prime factors of n?
2, 13
Suppose -4*u = 11 - 131. List the prime factors of u.
2, 3, 5
Let t = -17 - -50. List the prime factors of t.
3, 11
Suppose -y - 3*l - 14 = l, -4*l = 2*y + 12. Let c be (1/y)/((-1)/(-6)). Let u = c + 0. What are the prime factors of u?
3
Let o(n) = n**2 - 13*n + 12. What are the prime factors of o(19)?
2, 3, 7
Suppose 10*d = d + 1242. What are the prime factors of d?
2, 3, 23
Suppose -2*x - 2*w + 104 = -4*w, -4*w = 2*x - 80. What are the prime factors of x?
2, 3
Let z = 7 - 11. Let i = 7 - z. List the prime factors of i.
11
What are the prime factors of (40/(-28))/((-2)/70)?
2, 5
Let c = -5 - -5. Suppose 5*s - 48 = s - 4*i, 5*s - 5*i - 60 = c. What are the prime factors of s?
2, 3
Let c = 45 + -19. Suppose c - 1 = 5*p. Suppose 3*v + 2*t - 8 = 0, -5*t - 5 + 20 = p*v. List the prime factors of v.
2
Let z be (0 - 2)*18/(-3). Let o = 18 - z. Let a(j) = -j**3 + 5*j**2 + 8*j - 7. What are the prime factors of a(o)?
5
Suppose -5*b + v + 99 + 67 = 0, 2*v = 5*b - 167. What are the prime factors of b?
3, 11
Let g = 8 + -3. Suppose 0*i - 2*i = l + 1, -4*l = g*i + 4. Suppose -j - j + 22 = i. List the prime factors of j.
11
Suppose -c = -3 - 1. Suppose m + c*m = 40. List the prime factors of m.
2
Let k(v) = -v - 6. Let d be k(-8). Let l(z) = -z**3 + 2*z**2 + 2*z**2 - d - 2 + 4*z. List the prime factors of l(4).
2, 3
Let r be -1 + -1 - (-8 - -2). Let m be (-5)/(-10) + (-2)/r. List the prime factors of (m - -3) + 0/1.
3
Let l = -3 - -4. Suppose 3*u + l - 16 = 0. Suppose 18 = 2*w + 2*v - 0*v, -4*w - u*v = -39. List the prime factors of w.
2, 3
Let g(w) = w**3 - 4*w + 1. Let v be g(-3). Let n = 22 + v. What are the prime factors of n?
2
Suppose 4*i + 0*i - 14 = w, -3*w + 2*i = 32. Let c(q) = -q**3 - 11*q**2 - 12*q - 7. What are the prime factors of c(w)?
13
Suppose 2*g + 50 = -0*g. Let x = -14 - g. What are the prime factors of x?
11
Let o(q) = 13*q**3 - 2*q**2 + 1. Let j be o(1). List the prime factors of 33*((-20)/j - -2).
11
Let l = 46 - 82. Let p = l - -25. Let y = -7 - p. What are the prime factors of y?
2
Let u(b) = b + 16. List the prime factors of u(9).
5
Let r be -4*(-4)/8 - 0. Suppose -r*m - 80 = -7*m. List the prime factors of m.
2
Let u(s) = 5*s + 3. Let q(y) = 9*y + 6. Let r(i) = 4*q(i) - 7*u(i). What are the prime factors of r(0)?
3
Let x = -8 - -14. Suppose -2*v - x = -5*v. What are the prime factors of v?
2
Suppose -4 = -4*q, 0*y - 3*q - 93 = -4*y. List the prime factors of y.
2, 3
Let i(r) = -r + 3. Let m be i(6). Let q(c) = -8*c + 4. List the prime factors of q(m).
2, 7
Suppose -2*s + 5*q - 29 = -3*s, -q = s - 21. Suppose 0 = -5*h + d + s + 74, 0 = -3*h - d + 51. List the prime factors of h.
2, 3
Let r be 4/20 - (-576)/20. Suppose 109 = 6*j - r. What are the prime factors of j?
23
Let w(u) be the third derivative of 0 + 1/10*u**5 - 1/6*u**4 - 1/120*u**6 + 0*u + 3*u**2 - 1/2*u**3. List the prime factors of w(4).
13
Let n(i) = -i**2 - 6*i. What are the prime factors of n(-3)?
3
Let t(v) = v + 31. What are the prime factors of t(-17)?
2, 7
List the prime factors of (-1812)/(-24) - (-2)/4.
2, 19
What are the prime factors of 2/8 - (4 - (-1916)/(-16))?
2, 29
Suppose -255 = -5*n + 4*w, 0 = -n - 0*n + w + 50. List the prime factors of n.
5, 11
Let i(t) = -t**2 + 14*t - 15. List the prime factors of i(6).
3, 11
Let r(j) = j**2 + 6*j. Suppose x + 12 = 4. Let d be r(x). Suppose -2*l + 6*f + 4 = 2*f, 4*l - 4*f = d. List the prime factors of l.
2, 3
Suppose -4*a + 9*a = 5*f - 235, -4*f - 2*a + 206 = 0. List the prime factors of f.
2, 5
Let w = 426 - 265. List the prime factors of w.
7, 23
Suppose -2*r - r = 18. Let v(d) = -4*d + 0*d**2 - d**2 + 0*d - 5*d - 7. What are the prime factors of v(r)?
11
Let a(l) = -29*l**3 + l**2 + 2*l + 1. What are the prime factors of a(-1)?
29
Let p be (4 - 3)*-3 + 7. Let b be p/14 - (-1532)/28. What are the prime factors of (-119)/(-11) - (-10)/b?
11
Let f = -8 + 34. What are the prime factors of f?
2, 13
Let m = 2 - -1. Suppose m*g + 4 = 4*g. What are the prime factors of g?
2
Suppose -21 = 5*s - 86. Let q be (-7)/(-2*2/(-4)). Let a = s - q. What are the prime factors of a?
2, 5
Let n(s) = -s - 2. Suppose -3*k - 2 = 22. What are the prime factors of n(k)?
2, 3
Suppose 3*m - 8 = -4*f, 0 = 3*f + f + 2*m - 4. Let r(n) = -9*n + 1. List the prime factors of r(f).
2, 5
Suppose 4*p - 88 = -2*a, -7*a + 2*a = p - 22. Let t = 16 - p. Let d = 9 + t. List the prime factors of d.
3
Suppose -w = 4*c + 24 - 66, 26 = 3*c - 2*w. Suppose -4*v - c = v. Let a = 4 + v. List the prime factors of a.
2
Let n = -9 + 18. Let i = 54 - n. What are the prime factors of i?
3, 5
Suppose x + 3*x = 0. Suppose x*u - 12 = -3*u. List the prime factors of u.
2
Let c(u) = u**2 + u + 1. Let d(r) = 12*r**2 + 8*r + 6. Let b(v) = -10*c(v) + d(v). Let q be b(4). Suppose -3*k - q = -8*k. List the prime factors of k.
2
Let t be 2/(-6) - 314/(-6). Let w be (-1 - -1 - -1)*(3 + 2). Suppose -n - 48 = -w*s + 2*n, -n = 4*s - t. List the prime factors of s.
2, 3
Suppose -t = -m - 6, -2*t - 3*m = 2*t - 3. Suppose -s - t = -28. List the prime factors of s.
5
Let x(p) = p - 3. Suppose -w - 3*o = -2, o = 3*o + 2. Let q be x(w). List the prime factors of (-7)/(7/(-12)) - q.
2, 5
Suppose 2*h - 3*c + c - 2 = 0, 0 = -3*h - c + 7. Suppose 5*t - 49 = 3*b, 0*b = t + 2*b - h. Suppose t*a - 3*a = 20. List the prime factors of a.
2
Suppose -8 = -0*t - t - 3*k, 4*k - 48 = 4*t. Let j(m) = -m**2 - 8*m. List the prime factors of j(t).
7
Suppose 0 - 3 = -3*w. Suppose 0 = -t + 22 - w. List the prime factors of t.
3, 7
List the prime factors of 4/(-16) + (-18)/(-8).
2
Let r = -6 + 10. Suppose -63 = 2*f - 5*f. Let y = f - r. What are the prime factors of y?
17
Suppose -5*f - c = -29, -3*c + 32 = 5*f - 5. What are the prime factors of f*(3 + -2) + 0?
5
List the prime factors of (-2)/(-13) + 1632/39.
2, 3, 7
Let d(q) = q**2 - 11*q + 12. What